11 + -6 + 1
1
Calculate (12 - 2) + (-2 - -1) + -3.
6
What is 199 + -185 + (-1 - 12)?
1
Evaluate (-4 - -4) + 8 + -13.
-5
What is the value of (18 - -4) + -10 - 8?
4
What is 3 + 11 - 7 - (1 + 5)?
1
What is the value of (-5 - -3) + (-3 - 0)?
-5
What is 6 + -1 + 7 + -1 + -9?
2
Calculate (28 - 31) + -1 + (4 - 1).
-1
3 - (3 - (-1 + 2) - 1)
2
2 - (0 + 0 - (-1 - 2))
-1
Evaluate 0 + 8 + -2 + 2.
8
Calculate 3 - 0 - (4 + -2) - 2.
-1
Calculate -5 + (0 - -4) - 9 - -2.
-8
Evaluate -13 + 9 + (-1 - -2).
-3
Evaluate 2 + -1 + 1 + -5 + 1.
-2
Calculate -1 + -6 - (19 + -20).
-6
Evaluate -14 - (-8 - 0) - -3.
-3
What is -1 + (5 - 10) - -4 - -3?
1
What is the value of -1 + (-1 - ((2 - -4) + -14))?
6
Evaluate (24 - 27) + 5 + 1.
3
What is 5 + (-12 - (11 + -8))?
-10
Calculate (-2 - (4 + -3 + -2)) + 3.
2
Calculate -18 - (1 + -12 - (-9 + 6)).
-10
Calculate 34 - 38 - (0 + 0).
-4
What is the value of -7 - (-2 - 0) - (-15 + 6)?
4
(2 - 3) + (-6 - -7)
0
Calculate 10 + -7 + (3 - 7).
-1
What is the value of (4 + -4 - -5) + -1?
4
What is 0 + (-3 + 3 - -3)?
3
Evaluate -1 - (-1 + -3 - (-32 + 29)).
0
7 - (-3 - -5) - (6 + -1)
0
Evaluate -4 - (-3 + (5 - 5)) - 4.
-5
What is the value of (3 + -6 - -3) + -5?
-5
What is the value of 1 - (0 - 2) - (8 - 14)?
9
What is the value of -3 - (-3 + -1 + (-3 - -4))?
0
Calculate -23 + 9 + 7 + 7.
0
-6 + 1 + -3 - -3
-5
Evaluate -13 - (0 + -8 - 0).
-5
What is the value of -1 - -1 - (-2 - -1 - -5)?
-4
What is -4 + 0 - (-85 + 79)?
2
Evaluate -1 - (-3 - (1 + 0)).
3
5 - (2 - 1 - -5 - 6)
5
-1 + 5 + (-6 - -3)
1
What is (3 - 8) + (-1 - (-2 - -1))?
-5
Calculate (0 - 1) + 5 + -3 - 2.
-1
Calculate (44 - 51) + (1 - -1).
-5
Calculate 0 + 8 + -20 + 7.
-5
14 - (-5 - -4 - -12)
3
Evaluate (10 - 18 - -13) + -1 + 0.
4
Calculate -7 + (-4 - (-6 + -1)).
-4
What is the value of -28 + (-6 - -17) - -8?
-9
What is -7 + 0 + 12 - -1?
6
What is the value of (11 - 8) + (4 + -2 - 1)?
4
What is the value of 23 + -10 + (0 - (0 + 5))?
8
Evaluate -9 + 6 - -9 - 2.
4
5 + 5 - 6 - 2
2
Calculate 2 - (0 - -2) - -3.
3
Calculate -4 + (9 - (0 - (1 + -5))).
1
Evaluate -7 + -12 + 5 + 11.
-3
What is -2 - (-7 - 0) - (4 - 2)?
3
What is the value of (0 - (5 + 2)) + 9 + 1?
3
What is the value of (1 - -3) + (-2 - -3)?
5
-1 - (-4 + 3 + 7 + -4)
-3
Calculate (-19 - -7) + 11 + -4 + 1.
-4
What is the value of (-1 - -1 - 6) + 1?
-5
-2 + 3 + (-6 - -3)
-2
What is (6 - (-5 - -10)) + -1 + 3?
3
Calculate 5 - (-1 + (-1 - (0 + -5))).
2
(4 - (4 - 5)) + -4
1
What is ((-6 - -2) + 5 - 2) + 0?
-1
(-1 - -2) + (-1 - 1) + 5
4
What is the value of -1 + 5 + 4 - (-7 - -11)?
4
What is the value of -2 - (-3 - 4 - -1)?
4
10 + -2 - ((14 - 0) + 3)
-9
What is 1 - 7 - (-4 + (-4 - -6))?
-4
Calculate (-1 - 1) + (-30 - -27).
-5
What is (-3 - -1 - 2) + 6?
2
(-12 - 0) + (2 - (-5 - -3))
-8
Calculate 2 - (2 - (-2 + 2)).
0
What is the value of 6 + (-1 - -7 - -2) + -11?
3
What is the value of -22 + 15 + (8 - 2)?
-1
2 + (9 - 9) + 2 + -4
0
What is the value of -2 - 17 - -8 - -6?
-5
What is the value of (-11 - (3 - 7)) + 4?
-3
(-1 - (4 + 2)) + 3 - -2
-2
Evaluate -13 + (5 - -7) + -1 + 12.
10
What is the value of -1 - -2 - (4 + 2 - 3)?
-2
Evaluate 1 + 0 + 5 + (-10 - -4).
0
What is the value of (1 + 2 - (1 + 2)) + -1?
-1
What is -2 + (6 + 1 - (-6 + 2))?
9
1 + 1 + -3 + -1
-2
What is (-10 - -6) + -7 - -6?
-5
Evaluate (3 - -4 - -1) + -3.
5
What is the value of 5 - (6 - 2) - (-13 + 10)?
4
What is the value of 1 + 3 + -2 + (2 - 1)?
3
What is 1 - 5 - (11 + (-3 - 19))?
7
What is the value of -4 + (3 - 0 - 1)?
-2
What is 6 + (11 - 8) - 9?
0
What is the value of 1 + -4 + 3 - -2 - -5?
7
What is -5 - ((5 - 8) + 2) - 1?
-5
What is (4 - -2) + 34 + -33?
7
1 + 1 + (6 - 5)
3
Calculate 2 + 8 + -6 - (-1 - -9).
-4
Evaluate -3 - (1 - 3 - 4).
3
-8 + 17 + -8 - (0 + 9)
-8
What is the value of -9 - 1 - -2 - -3?
-5
7 - (-3 - -4) - (-13 - -19)
0
What is the value of 4 - (2 + -8 - -7)?
3
What is (30 - 29) + 1 + 1?
3
What is 6 - (-4 - (-9 - (6 - 12)))?
7
What is the value of 1 + 2 - (-2 - 1)?
6
What is the value of (1 - (-4 + 6)) + 3?
2
Evaluate 2 + (4 - 10) - (4 + -7).
-1
3 - (6 - -1) - -3
-1
Evaluate (100 - 95) + (-2 - 4).
-1
What is 4 - 0 - (107 - 105)?
2
What is the value of (-8 - -16 - 4) + -5?
-1
What is 0 + (3 - -1 - -2) + -4?
2
What is the value of (11 - (5 + 7)) + (-5 - -1)?
-5
What is the value of -6 - (-1 + -4 + 11 + -15)?
3
-1 + (-3 - (-4 - (2 - 6)))
-4
Calculate (-3 - 1) + 10 + -12 + 15.
9
What is the value of 7 + -6 + (-1 - 5)?
-5
What is the value of -1 + 4 - (-1 - -4)?
0
What is -10 - -5 - (-1 + 1)?
-5
(-16 - (-8 - -3)) + 1 + 6
-4
Evaluate 10 + -4 + (2 - -3) + -6.
5
What is the value of (-9 - (6 - 11)) + -1?
-5
What is (1 - -2) + -1 + (8 - 1)?
9
Calculate -8 - (-1 - -3 - (26 - 23)).
-7
(3 - (-6 + 7)) + -4
-2
Calculate (8 - 12) + (-3 - (-4 + 1)).
-4
What is the value of -1 - (-3 - (3 + -2))?
3
What is the value of 7 + (-7 - -4 - (1 + -3))?
6
-4 + (0 - 2 - -7)
1
Calculate -4 + 0 - (-6 + 12 + -2).
-8
Evaluate -1 - (2 - -2 - 4).
-1
What is -2 - ((-2 - 3) + 3) - 5?
-5
Calculate -4 + 2 - (-1 + 0 - -4).
-5
Calculate 1 + (0 - -5) + -6 + 0.
0
What is -8 + 7 + 5 + -1?
3
What is the value of -6 + (6 + -1 - 4)?
-5
What is 5 + -5 + 4 + -7?
-3
What is (7 - 5) + -1 + -9 + 4?
-4
Evaluate (-1 + 2 + -8 - -4) + -1.
-4
What is -3 + (-4 - 0 - -11) + -5?
-1
Evaluate 2 + 2 + 3 + 9 + -11.
5
What is the value of 5 - (3 + 6 - 3)?
-1
Evaluate -12 + 10 + -10 + 15.
3
Calculate 3 + (1 - 0) + 0 + -4.
0
What is the value of -2 + 0 - -5 - 2 - -3?
4
-6 + -7 + (1 - -17) - 5
0
Calculate (6 - (28 - 13)) + 12.
3
What is 4 - ((4 - -1) + 1)?
-2
What is the value of -3 - (-2 + 0 - 1)?
0
What is the value of 7 - ((-3 - -2) + 4)?
4
What is the value of 7 + (-2 - (-5 + 8) - -1)?
3
9 + -7 - (1 - 2)
3
Evaluate -1 + 3 + -4 - 2.
-4
What is the value of 3 + 1 + -35 + 31?
0
-3 - (5 + -1 + (-1 - 2))
-4
Calculate -6 + 1 + 0 + (15 - 12).
-2
What is (1 - -3 - (-2 + 0)) + -3?
3
Evaluate (-1 - -2) + 1 - (-2 + -3).
7
Evaluate -1 + 2 + -3 - (8 - 7).
-3
0 + -1 + -22 + 33
10
(-8 - -9) + -3 - 4
-6
Calculate 5 + -9 - (-4 + 0).
0
What is -1 + 2 - (3 + -1 + -1)?
0
What is the value of 30 + -26 - (-1 - -9)?
-4
What is the value of (3 - 1) + -2 - (-3 - -3)?
0
What is 1 - 6 - (-4 + (1 - 0))?
-2
What is the value of 5 + -8 + 2 + 3?
2
What is the value of 6 + 2 + (-5 - -2)?
5
(3 - 4 - -2) + -10 + 5
-4
Evaluate -2 + (3 - (-3 - -3)).
1
(6 - -1) + (-29 - -6 - -15)
-1
Evaluate -4 - (-4 + 7 + -5).
-2
Evaluate 4 - (0 + 6) - (1 - -3).
-6
What is -16 + 18 + 5 + -1?
6
What is the value of 3 + (2 - (15 + -5 + 0))?
-5
What is (6 + -7 - -6) + -9?
-4
Evaluate -1 + 5 + (-12 - -16).
8
Calculate 7 + (0 - (-1 + 3)).
5
What is the value of 6 - (0 + (1 - -5) + -4)?
4
What is the value of 2 + (-7 + -3 - -9)?
1
-5 + (-9 - (-1 + -9))
-4
What is the value of -1 - (-7 + 8) - -2?
0
Evaluate 7 + (8 - 8) + (-5 - -1).
3
Calculate 9 - (12 - (-12 + 16)).
1
What is -5 + (6 - -6 - 6)?
1
5 - 2 - (-4 + 2 + -1)
6
-9 + (13 - 13) - (-3 + 0)
-6
Calculate -5 - (-5 + -5 + 9 + -6).
2
Evaluate (12 - -2) + (-26 - -17).
5
(-3 - -4) + 3 - 6
-2
Evaluate -3 + 1 - (-2 + -4 - -4).
0
What is (3 - (-1 + 2)) + 5 + -3?
4
What is the value of 0 + -3 + 8 - 8?
-3
Evaluate 1 + 2 + (-5 - -3).
1
-2 + 2 + (4 - 3) + 4
5
Calculate 13 + (-10 - -4 - -1).
8
What is (1 - 3) + 2 + (6 - 4)?
2
What is 3 - ((-6 - -10) + -3)?
2
What is 13 - 8 - 9 - 1?
-5
What is 4 - (0 + (-4 - (3 + -9)))?
2
What is 0 - (2 + 2 + -3)?
-1
What is the value of -14 + (14 - (-5 - 6))?
11
4 + -1 - (3 + 0) - 5
-5
Evaluate (3 - 10) + 3 - -5.
1
(-4 - 1) + 2 - 2
-5
What is the value of 0 + -1 - 2 - (82 - 89)?
4
Evaluate -5 + 2 + 2 - (2 - 2).
-1
What is the value of (1 - 5) + (-2 + 5 - 0)?
-1
What is -1 + -1 - -2 - (2 - 7)?
5
(9 - -3) + 0 - 5 - 4
3
Evaluate 1 - 11 - (68 + -81).
3
What is 10 + -1 - (-149 - -154)?
4
Calculate 4 - ((-5 - (-6 - -6)) + 8).
1
Evaluate 1 + (6 - (3 + -4 + 5)).
3
1 - (-5 + 0 + 1)
5
Calculate 6 - ((-2 - -1) + 2).
5
Evaluate 13 + (4 - (0 - -20)).
-3
Evaluate -10 - ((6 - 11) + -3).
-2
What is (-1 + -12 - -10) + 0 + -1?
-4
What is the value of 2 + (0 - 3 - 3)?
-4
Calculate -1 - 3 - (-10 - -11).
-5
Calculate -1 + 14 + -5 + -3.
5
What is the value of (-1 - -4) + -1 + 1 + -8?
-5
What is -4 + -1 - (-10 + 11 + -1)?
-5
Calculate (2 - (4 + -10)) + -13.
-5
1 + -2 - 5 - -6
0
Evaluate 42 + -46 + 11 + -1.
6
Wh